omposite number?
False
Let w(m) = 3*m**2 - 17*m + 3. Let z be ((-15)/(-10) - 1)*0. Suppose z = i + 2*s + 6, i - 3*s = -i - 19. Is w(i) prime?
True
Let k(t) = 37*t**2 + 18*t - 19. Let a be k(1). Is (-3759)/(-6) + 3 - a/(-24) a composite number?
False
Let t = 85 - 160. Is ((-5)/t*-3)/((-5)/62575) a prime number?
True
Suppose -2*f = 2*a - 3034196, -515492 = -4*f + a + 5552905. Is f a prime number?
True
Is 170034 + ((-11)/(-33))/(6/234) composite?
False
Let u(i) = 5 + 10*i + 89*i**2 - 77*i - 7 + 7 - 20*i. Is u(-4) prime?
True
Let s be (((-16)/(-10))/(-1))/(4/(-130)). Let i be -10*39/s*2/(-3). Is ((-31884)/60)/((-1)/i) a composite number?
False
Is (-658118)/(-14)*(4*(-4)/(-16) - -6) a composite number?
False
Let t(g) = 1635*g + 1021. Is t(6) composite?
False
Suppose -1 = -w + 1. Let b(t) = -11*t + 10 + 7 - 7 + t**3 + 7*t**w. Is b(-7) a composite number?
True
Let a = 42701 - 3451. Suppose 5*q + a = 5*u, -2*q = -3*u - u + 31406. Is u a prime number?
True
Let w be (0 + -1)/2*-6. Suppose -z - 3*i = i - w, -2*z + 36 = -2*i. Is 635/z + 4/6 a prime number?
True
Let c be (-3)/21 - 7020/(-42). Let u = 524 + c. Is u a prime number?
True
Let a be (135/(-5))/(-3) + -7. Is a/8 + 1155065/428 composite?
False
Suppose -20 = -0*p - 4*p. Suppose -p*v + 13 = -2. Suppose -s + 3502 = -0*l + 3*l, -2*s - 3517 = -v*l. Is l a composite number?
True
Suppose 18594 = 11*r - 2*r. Let i = r + 371. Is i a prime number?
True
Let q(l) = 6*l - 47. Let r be q(12). Suppose 1657 = -24*k + r*k. Is k prime?
True
Let j = -17 - -26. Let g be 4/48*j + (-30843)/4. Is ((-3)/(-6))/(38547/g - -5) a composite number?
True
Let q = 806 - 7380. Let u = 11700 + q. Is 30/90*(u - -1) a composite number?
False
Let i(c) = -5114*c**3 + 3*c**2 + 4*c + 2. Let p be i(-1). Suppose -2*a - 8445 = -5*x, 4*x - p - 1659 = -2*a. Is x prime?
False
Suppose 5*u - 21 = 4*t, -1 - 6 = -2*u + 3*t. Suppose -u*v = -2*c + 11477, 3*c - v - 2139 = 15057. Is c a prime number?
False
Let y(q) = 73*q**2 + 2*q + 23. Suppose -33*p - 8 = -31*p, 0 = 4*x + p + 44. Is y(x) composite?
True
Let v = 960445 + -649208. Is v a composite number?
False
Suppose 5*a - 2*l + 384 = -6*l, -5*a - 5*l = 385. Let u be (-4)/(-38) - 177376/a. Is 180/27*u/8 a prime number?
False
Suppose -18*a = -16*a - 1236. Let g(o) = -o - 4. Let w be g(-7). Suppose w*h - 927 = a. Is h prime?
False
Suppose 5*f + 2 = 4*m, f + 3*f + 18 = -5*m. Is 298 - 6*2*f/6 prime?
False
Let m = -277872 - -392910. Suppose -3*b - 8*b - m = 0. Let n = -6901 - b. Is n a composite number?
False
Let t be (-2)/(-2 + (-2312)/(-1158)). Let v be (-2)/(-4)*(7 + 6 - 7). Suppose -f + 448 = v*c - t, -f = -3*c + 1019. Is c a composite number?
True
Let r(g) = 2*g + 7. Let d be r(-2). Let l be d - (3 - 2) - (3 + -3). Is -12*146/(-16)*l a composite number?
True
Let x(a) = 65*a**2 - 18*a - 12. Let s be (3 + -2 - -6) + -2 + 0. Is x(s) a prime number?
True
Suppose -5*f - 2*h = 443, -f - 5*h = -2*f - 67. Let r = f + 77. Is ((-1594)/r)/((-5)/(75/(-3))) prime?
True
Suppose 52 = -6*w + 19*w. Let p = w + 9. Is p composite?
False
Suppose -7067 = -v - 2*q, 2*v - 6*q - 14136 = -8*q. Is v composite?
False
Let o = -256599 + 488492. Is o a composite number?
False
Let m be 6 - 8950/(-1 + 3). Let y = m + 11118. Is y composite?
True
Let o(h) = 127*h**2 + 22*h + 7. Suppose 2*d - 16*n + 12*n = -4, 2*d = 3*n. Is o(d) a composite number?
True
Let r = -61 + 70. Suppose -r*n + 4*n + 460 = 5*d, 5*n = -2*d + 193. Is d composite?
False
Suppose 263*v - 408*v = -30500315. Is v a prime number?
True
Let u(h) be the second derivative of h**5/20 - h**4/6 - h**3/6 - 2*h. Let i be u(2). Is (3342/(-9))/(i/3) a prime number?
True
Let b = -17192 + 8242. Let i = -1829 - b. Is i a prime number?
True
Let o(k) = 603*k - 1. Let i be o(-2). Is i/(((-4)/(-6))/((-14)/21)) a prime number?
False
Let o(g) = -1062*g - 5. Let c be o(5). Let s = -3485 - c. Suppose -q + s = 2*k + 3*q, k + q = 916. Is k a composite number?
True
Let s be (-36)/6*-1 + 22332/(-4). Let l = s + 15164. Is l a prime number?
True
Let o(k) = 3*k**2 - 4. Let q be o(4). Let p(n) = -n**2 + 18*n + 8. Let z be p(19). Let m = q - z. Is m a composite number?
True
Suppose -11775 = 5*v + s, -6*v + 2*s - 11760 = -v. Let t = 4713 + v. Is t a prime number?
False
Let s(f) = -7*f - 6. Let m(j) = j + 1. Let i(v) = -6*m(v) - s(v). Let p be i(3). Suppose 4*z + p*r - 201 = 1706, -470 = -z - 3*r. Is z prime?
True
Let j be 3090 - (20/5 + -1). Let n = j + -1142. Is n composite?
True
Let g(j) = 380*j + 167. Is g(51) prime?
False
Is ((-55)/22 - -1)*262310/(-15) prime?
False
Let t = 783736 - 452051. Is t composite?
True
Let p = -66 + 68. Suppose -1 + 2 = -v, -3*l + 3197 = -p*v. Suppose -3*a + 1061 = 5*t, -5*t - 4*a - a = -l. Is t prime?
True
Let t(k) = -172214*k - 201. Is t(-3) a prime number?
False
Suppose 65*y - s = 63*y + 1349297, 0 = s + 3. Is y prime?
True
Suppose 0 = 2*u + u + 15. Let g(j) = -46*j**2 + 158*j**2 - 4*j**2 + 97*j**2 - 11 + 5*j. Is g(u) composite?
True
Is (2/5)/(18/2114685) a prime number?
True
Suppose 15*g + 4*z - 1953 = 14*g, -3*z = 3*g - 5904. Is g composite?
False
Suppose -10*l = -660896 - 837234. Suppose 27*p + l = 692540. Is p a composite number?
False
Let q = -52 - -62. Let u(p) = 127*p - 8. Is u(q) composite?
True
Let q(s) = 6232*s**2 + 22*s - 6219*s**2 + 0*s**3 - 2*s**3 + 13. Is q(-12) a prime number?
True
Suppose u + 4*n = 4, -3*u + 4 + 8 = 5*n. Suppose 4*t + 11314 - 35071 = -l, u = 4*l. Is t a composite number?
False
Suppose 1558149 - 646980 + 1633648 = 11*p. Is p a composite number?
False
Suppose -686*z = -676*z - 50. Let s(m) = -1 + m + 5*m**3 - 4*m**3 - 2. Is s(z) a prime number?
True
Suppose -2930695 = -57*a - 551572. Is a prime?
False
Is 0 + (-3450957)/(-12) - (-261)/(-348) a prime number?
True
Let j(c) = 14*c**2 - 87*c - 132. Let q be j(42). Let t = 33 + -16. Suppose 0 = -t*h + q + 2329. Is h a prime number?
True
Suppose -4*t + 14 = 3*b, -2*t + 7*b + 10 = 10*b. Suppose -4*f - 1139 = -y + 1630, -f - 5573 = -t*y. Is y composite?
False
Let p be (-12)/15*(10 - 15). Suppose -4427 = -2*l - 5*k, 4*k - 6623 = -7*l + p*l. Is l a prime number?
False
Let b(g) = -1313*g**3 - 7*g + 4. Let w be b(3). Let v = -17007 - w. Is v a composite number?
False
Let v(w) = -8*w**3 - 9*w**2 - 27*w + 25. Is v(-8) prime?
True
Let k(q) = 4*q**2 + 14*q - 11. Let z be 18*(-1 - 15/(-9)). Let r = z + -23. Is k(r) prime?
False
Is (-125)/(-10)*(-559442)/(-65) prime?
False
Let n = -104717 - -179676. Is n composite?
False
Is (-1 - (-16425)/12)*(66 - -10) a composite number?
True
Let u = -17487 - -53567. Suppose 0 = -11*y + u + 29711. Is y a prime number?
True
Let h(l) = -87*l + 3. Let m(o) = -4*o + 6. Let k be m(2). Let c be h(k). Let y = c - 46. Is y a prime number?
True
Let v(z) = 235*z + 4. Suppose 8*g - 264 = 2*g. Suppose g = 10*m - 26. Is v(m) prime?
False
Let q(h) = 3*h**3 - 35*h**2 + 50*h - 47. Let w(u) = -u**3 + 18*u**2 - 25*u + 23. Let s(o) = 4*q(o) + 7*w(o). Is s(11) composite?
False
Let y(d) = -28907*d + 2413. Is y(-24) composite?
False
Suppose -75614*h = -75588*h - 3024658. Is h composite?
True
Let r(n) = -39*n**3 - 16*n**2 - 16*n - 49. Let d be r(-12). Suppose 29968 = 13*q - d. Is q a prime number?
False
Let i be 4/22 + 6461/(-143). Let l = i + 156. Is l prime?
False
Suppose -b - 758 = -3*l, 134 = -4*l - 2*b + 1138. Suppose 12*f - l = 26*f. Let o(m) = -43*m + 57. Is o(f) prime?
False
Suppose 0 = -4*a + 4*f - 3*f + 17, 0 = -a - f + 8. Let u(z) = 85*z**2 + 2*z - 5. Let c be u(a). Suppose p = -2*s + 1939, 4*s - 1760 - c = 2*p. Is s prime?
True
Suppose 0 = 5*p + 20, 546 + 79 = 3*q - 4*p. Suppose 0 = s - 3*n - 308 - 609, 4*s - 2*n - 3638 = 0. Let b = s + q. Is b a prime number?
False
Suppose -12 = m - 4*w, 4*w - 3*w - 3 = -5*m. Suppose 0 = h + 1, m = 3*b - 2*h - h. Is (-104)/(b/1) - 1 a composite number?
False
Is (-2402564)/(-10) - -3*8/40 composite?
False
Let n(y) = 69991*y - 73. Is n(6) prime?
True
Let g be 3/(-15) - 218595/25. Let o = -5233 - g. Is o a composite number?
False
Let d = 322 - 325. Is (-203455)/40*d - 4/32 composite?
False
Let z be ((-402)/(-9))/(1/3). Let j(f) = 3*f**2 + 3*f - 48. Let g be j(-13). Suppose g = h - z. Is h composite?
True
Let u = -99841 - -207014. Is u a composite number?
True
Let b be (-1 - 1)/(32/(-18192)). Let s = -2285 + 1525. Let h = b + s. Is h composite?